k).
-4
Let z(g) be the first derivative of -g**3/3 + 3*g**2 + 7*g + 3. Calculate z(5).
12
Let z = -5 + 8. Let b(r) = z + 2*r - 2 - 3*r. What is b(-3)?
4
Let g(c) = c + 4. Let y be g(-2). Suppose -14 = -y*q - 2. Let z(n) = 6 + 0*n**2 - 6*n + 7*n**2 - q*n**2. Determine z(6).
6
Let k(c) = 4*c - 2 - 5*c + 2 - 1. What is k(4)?
-5
Let i(y) be the first derivative of 1/2*y**2 - 5/3*y**3 - 1 + y + 1/4*y**4. Suppose 4*u + 0 = -r + 9, u - 11 = -2*r. What is i(r)?
6
Let p(c) = c**3 + 4*c**2 - 2*c - 6. Suppose 0 = 2*r - 3 - 7. Suppose -3*w - 2*n = 10, 4*w + w = r*n - 25. What is p(w)?
2
Let c(o) be the second derivative of o**4/12 + o**3 - 4*o**2 - o. Give c(-7).
-1
Let w(t) = 2*t - 6. Let z(m) = m - 2. Let h(l) = 6*w(l) - 17*z(l). Give h(2).
-12
Let v(j) = -2*j. Let d be (3 + 0 + -2)/(-1). Let o = d + 2. Calculate v(o).
-2
Let u be (-21)/6 + 1 - (-4)/(-8). Let k(z) = -z**2 - z + 2. Give k(u).
-4
Suppose g + 4 + 0 = 0. Let q(p) be the first derivative of p**3/3 - p**2/2 - 5*p + 4. Let h(w) be the first derivative of q(w). Calculate h(g).
-9
Let r(q) = -8*q - 1. Suppose 5*l - 2*b + 2 = 1, 3*b - 7 = 2*l. Give r(l).
-9
Let b = -155 + 160. Let c(i) be the second derivative of i**5/20 - 5*i**4/12 - i**3/2 + 7*i**2/2 - i. Determine c(b).
-8
Let w(j) = -j**3 - 9*j**2 - 3*j + 34. Let b be w(-8). Let t(o) = -o**3 - 6*o**2 + o + 2. Give t(b).
-4
Let c(j) = j**2 - 5*j - 2. Let v(b) = -5*b + 6. Let h be v(0). Determine c(h).
4
Let l(p) = p**2 - p. Let x be l(0). Let h(y) = y + 8. Suppose q - 5*q - 4 = 0. Let z(r) = 1. Let k(g) = q*h(g) + 5*z(g). Calculate k(x).
-3
Let z(m) = 7 - 4 - m**2 + 4*m + 0*m**2. What is z(5)?
-2
Let u(y) = -3*y**2 + 3*y**2 - y**3 + y - 3*y**2 + 4*y**2. Let h(o) = -4*o**3 + 8*o**2 + 4*o + 3. Let v(k) = -h(k) + 5*u(k). Suppose 16 = j - 5*j. Give v(j).
9
Let g(c) be the third derivative of 8*c**2 - 1/24*c**4 + 0 + 2*c**3 + 0*c. Determine g(0).
12
Suppose 12 = 4*j - 0*j. Let h(x) = 3*x**3 + 3*x**3 - j + 0 - 5*x**2 + 4*x - 5*x**3. What is h(4)?
-3
Let v(w) = 7*w**3 + w + 5*w**2 - 2 - 6*w**3 + 0*w**2. Give v(-5).
-7
Let i be 3/(-12) - (-18)/8. Suppose 4*b = i*b + 4*m - 14, -m = 5*b - 9. Suppose 4*q - b = 3. Let f(s) = 7*s**3 + s**2 - s + 1. Determine f(q).
8
Let d(h) = 4*h**2 + 11*h. Let z(u) = 5*u**2 + 12*u - 1. Let b(j) = 6*d(j) - 5*z(j). Give b(6).
5
Suppose -3*m = -5*z + 9, -2 = 2*m - 5*z + 3*z. Suppose -m*r = -6 + 16. Let x(p) = -p**3 - 5*p**2. Calculate x(r).
0
Let u(g) = -g**3 - 4*g**2 - 3*g + 4. Let l(d) = -d**3 + 8*d**2 - 2*d + 13. Let k be l(8). Determine u(k).
4
Suppose 2*i + 4*i = 0. Let p(c) = c**3 - 6. Determine p(i).
-6
Suppose -m + 0 + 2 = 0. Suppose -3*x = m*y - 8, -4*y + 7*y = x - 10. Let n be (10/4)/(x/(-8)). Let i(p) = p**2 + 7*p + 5. Calculate i(n).
-5
Let v(x) = -2*x**2 - 18*x - 11*x + 23*x. What is v(-4)?
-8
Let r(d) be the second derivative of d**6/180 - d**5/40 - d**4/6 - 2*d**3/3 + 8*d. Let w(b) be the second derivative of r(b). Determine w(3).
5
Let f(x) = -x + 6. Let o(b) = 2*b - 11. Let w(m) = 11*f(m) + 6*o(m). What is w(0)?
0
Let b = 10 - 15. Let h(n) = -14*n + 23. Let y(u) = 5*u - 8. Let k(m) = -m + 1. Let v be k(7). Let z(w) = v*h(w) - 17*y(w). Give z(b).
3
Let o(d) = -2*d - 1. Let x(u) = u**2 - 22*u - 2. Let z be x(22). Give o(z).
3
Suppose 0*a = -a. Suppose -v - v - 6 = a. Let d(p) = -3*p**2 + 1. Let x(q) = -4*q**2 - q. Let z(m) = v*d(m) + 2*x(m). Calculate z(3).
0
Let l = 95/3 - 31. Let q(z) be the second derivative of 0 + l*z**3 + z + 1/2*z**2. What is q(1)?
5
Let z(f) = f**2 + 6*f. Let a be z(-5). Let m(r) = r**3 + 4*r**2 - 6*r - 1. What is m(a)?
4
Let b(w) = -3 - 4 + 9 - w. What is b(-2)?
4
Suppose 4*t + 2 = 5*t. Suppose -2*z + 4 = -t. Let r(h) = 4 - z - 4*h + 12*h. What is r(1)?
9
Let a be (-4 + 2 - 6) + -1. Let g(f) = f**2 + 8*f - 8. Give g(a).
1
Let i(k) be the first derivative of k**3/3 + 7*k**2/2 + 8*k - 2. Let h be i(-6). Let f(g) = g**3 - 2*g**2 + 2*g - 2. Determine f(h).
2
Let b(y) = y**3 - 1. Let c = 5 - 3. Suppose -c*j - 1 = -7. Suppose -1 = -5*m + 4*s, -j*m + 2*s - 5 = -6*m. Determine b(m).
0
Let v(o) = -o**2 + 9*o + 4. Let l(q) = q**2 - 8*q - 4. Let p(b) = 6*l(b) + 5*v(b). Give p(5).
6
Let u = 16 - 16. Let x(g) = -g + g**2 + 5*g + u*g + 2*g. Determine x(-5).
-5
Let i = -4 - -12. Let b = i - 4. Let p(m) = -2*m**2 + 15*m + 2. Let u(d) = 3*d**2 - 22*d - 3. Let q(w) = -7*p(w) - 5*u(w). What is q(b)?
5
Let q(o) = 9 + o**2 + 0*o**3 + 2*o**3 - o**3. Let h(w) = -w**2 + 5*w. Let g be h(5). Give q(g).
9
Let x be (-2 + 1)*(0 + 1). Let a(n) be the second derivative of n**5/4 + n**4/6 - n**2/2 + 3*n + 25. Determine a(x).
-4
Let k(h) = 5*h**3 + 29*h**2 - 21*h + 9. Let m(z) = -z**3 - 7*z**2 + 5*z - 2. Let t(i) = 2*k(i) + 9*m(i). What is t(4)?
-4
Suppose -17*y = -15*y - 8. Let i(d) = d - 5. Calculate i(y).
-1
Suppose -17 - 3 = 4*n. Let c(m) = -m**3 + 5*m**2 - 2*m - 5. Let l be c(4). Let h(s) = -2 - l + 0*s - s. Determine h(n).
0
Let t(a) = -a**3 - 4*a**2 - 3*a - 4. Let j(k) = -3*k**3 - 9*k**2 - 6*k - 8. Let o(x) = 2*j(x) - 5*t(x). What is o(3)?
4
Let h(o) = -o**3 + 3*o**2 + 6*o - 4. Suppose -2*u - 6 = -4*l, -4*u - 5 = -5*u. What is h(l)?
4
Let m(q) be the third derivative of q**4/4 + q**3/6 - 111*q**2. Suppose 0 = -4*f, -2*i - 2*f + 1 = 3. Determine m(i).
-5
Suppose -3*f + a = -5, -5*f = -2*a - 8 - 1. Let t(i) = -10*i**2 - 2*i + 5. Let v(k) = -1. Let q(w) = t(w) + 4*v(w). What is q(f)?
-11
Suppose 0*h - 2*h - 3*z + 4 = 0, -4*h - 5*z = -8. Let r(m) = 0*m**3 - h - 2*m**3 + 0 + 3*m**3. Calculate r(2).
6
Let p(q) = 2*q**3 - 2*q + 1. Let n(j) = 3*j + 0 - 4*j + 9. Suppose 5*l = -3*z + 43, z - 36 - 5 = -5*l. Let w be n(l). Calculate p(w).
1
Let q(k) = k**3 - 6*k**2 + 3*k + 3. Let g(r) = 2*r - 3. Let c be g(4). Determine q(c).
-7
Let f(k) = -2*k**2 + 2*k + 2. Let m(v) = v - 3. Suppose 3*o - 7 = -1. Let a be m(o). Let q be -1 + -2 + (a - -7). What is f(q)?
-10
Let i(s) = -7*s. Let x(j) = j**2 + 18*j - 21. Let p be x(-19). Calculate i(p).
14
Let s(z) be the third derivative of 0*z - 1/3*z**3 + 0 - 8*z**2 + 1/8*z**4. What is s(-5)?
-17
Let d(n) = n - 2. Let r(m) = -1. Let t(v) = -2*d(v) + 5*r(v). Determine t(7).
-15
Let f(v) be the second derivative of -v**4/2 + v**3/2 - 3*v**2/2 - 29*v. What is f(2)?
-21
Let o = 4 + -8. Let t(w) = -w**2 + w - 1. Let u(h) = h**3 - h**2 - 5*h + 1. Let f(g) = o*t(g) - u(g). Calculate f(5).
8
Let w = 2 + -11. Let p be (-16)/(-6)*w/(-6). Let i(l) = l**3 - 3*l**2 - 6*l + 5. Determine i(p).
-3
Let r(z) = 13*z**2 + 16*z + 13. Let h(y) = 4*y**2 + 5*y + 4. Let x(s) = -7*h(s) + 2*r(s). Let a be 2 + (-2 + 1 - 3). Determine x(a).
-4
Let k(x) = -x + 8. Let o(d) = d + 11. Let f(j) = 3*j + 22. Let u be f(-9). Let z be o(u). What is k(z)?
2
Let f(k) = -k**3 - 8*k**2 - 7*k. Let u = -134 - -127. Give f(u).
0
Suppose 0 = -2*f + 2 + 2. Let p(q) be the second derivative of q**4/4 - q**3/3 - q**2 + q. Calculate p(f).
6
Let r be 1 + (1 - -1)/2. Let l(q) = -795*q**2 + 395*q**2 + 399*q**2. Determine l(r).
-4
Let g(a) = 4*a**2 + 4*a + 3. Let n be (1 - 2) + (3 - -7). Let x = -11 + n. What is g(x)?
11
Let q(s) = 2*s**3 + 2*s**2 - s + 2. Let v(l) = -l**2 - 2*l - 2. Suppose -2*z + 1 = -o, -z - z + 5 = 3*o. Let u = -1 - o. Let h be v(u). Determine q(h).
-4
Let r(d) = d**3 - 5*d**2 - 6*d - 6. Let k be r(6). Let j = k + 31. Let b(x) = 4*x**2 + 3 - 2*x**2 - j*x + 29*x. Give b(-2).
3
Let f(x) = -39*x + 8. Let c(n) = -13*n + 3. Let z(l) = 11*c(l) - 4*f(l). Give z(-1).
-12
Let s(c) be the second derivative of c**5/20 - c**4/6 + c**3/6 - c. Calculate s(2).
2
Suppose -b - 2 = -0. Let d(t) = -t**2 - t - 1. Let o(h) = -h**2 - h - 1. Let a(v) = 5*d(v) - 6*o(v). What is a(b)?
3
Let j = 6 - 2. Suppose -r = -j*r - 3. Let o(n) = -7*n**2 - 12. Let k(u) = 105*u**2 + 182. Let x(q) = 6*k(q) + 91*o(q). Determine x(r).
-7
Suppose -5*m + 57 = 14*m. Let i(h) = -2*h**2 + 4*h. What is i(m)?
-6
Let z(s) = -s**3 + 5*s**2 - 2*s - 2. Let p be z(3). Suppose 6 = 3*u + 3*i, 2*i = -5*u - 0*i + p. Let j(d) = -d**3 + d**2 - 2*d - 1. Give j(u).
-9
Let i(w) = -7*w + 11*w**2 - 21*w**2 + 1 + 11*w**2. Suppose 28 = 3*s - 2*h, 1 = -3*s - 3*h + 4. Calculate i(s).
-5
Let n(p) be the first derivative of -p**4/4 + p**3 + 2*p**2 - 3*p - 4. Give n(4).
-3
Let f(n) be the third derivative of 1/6*n**4 + 1/60*n**5 + 0 + 0*n + 1/3*n**3 + 4*n**2. Suppose -2*p = -5*p + 5*